 16. Suppose -163 = -3*o - t + 326, w*o - 337 = 3*t. What are the prime factors of o?
2, 41
Let q = -615 - -784. Suppose 16 = -w + 3*v + 49, 5*v = 3*w - 79. Let a = q - w. List the prime factors of a.
151
Let o be -185*(66/(-30))/11. Suppose 0 = -4*t - 0*t + 76. Let z = o + t. What are the prime factors of z?
2, 7
Let m(t) = -95*t**2 - 80*t - 195. Let h(f) = -48*f**2 - 41*f - 98. Let a(u) = 11*h(u) - 6*m(u). List the prime factors of a(-4).
2, 3
Suppose -3*x + l = -62286, 2*x - 6*l + 2*l - 41504 = 0. List the prime factors of x.
2, 29, 179
What are the prime factors of (-156)/(-54) + -3 - (-92)/18 - -11248?
3, 11, 31
Let x(u) = -u + 12. Let l be x(7). What are the prime factors of -3*(20*-2 - l)?
3, 5
Let z = -82 - -128. Suppose 0 = -z*h + 16950 + 10144. What are the prime factors of h?
19, 31
Let h = -66805 + 112764. What are the prime factors of h?
45959
What are the prime factors of (-784 - (-6 + (5 - 2)))/((-1)/3)?
3, 11, 71
Let z = 18695 + -7006. What are the prime factors of z?
11689
List the prime factors of 4/26 + (-2193772)/(-364).
3, 7, 41
Let k(u) = u**3 + 28*u**2 - 2*u + 18. Let g be k(-26). Suppose 5*n = -4*f + 2343, 5*f - 2*f + g = 3*n. What are the prime factors of n?
3, 157
Let y be (-7140)/(-442) - 6/(-117)*-3. Suppose y*m = -8*m + 14448. List the prime factors of m.
2, 7, 43
What are the prime factors of (-17)/(85/4) - 44098/(-10)?
4409
Suppose -69*l = -70*l + 3. Suppose -3*y = 6, -2*n + 942 = l*n - y. List the prime factors of n.
2, 47
Let t = 17 - 17. Suppose t = 4*f - 3*q - 2782, -5*f + 2*q = -q - 3476. What are the prime factors of f?
2, 347
Let s(t) = 28*t - 129. Let v be s(24). Let c = 1730 - v. List the prime factors of c.
1187
Let q = 176 - 76. What are the prime factors of (10/(q/(-1335)))/((-2)/4)?
3, 89
Suppose 0 = -7*d - 485 + 8290. Suppose 4*j + j = d. Let x = 375 - j. List the prime factors of x.
2, 19
Let o(p) = -7*p**2 - p - 68 + 3*p**2 + 5*p**2 + 0*p**2. List the prime factors of o(19).
2, 137
Let j(v) = 3*v**2 + 66*v + 60. List the prime factors of j(47).
3, 13, 251
Let r = 26618 - 15413. What are the prime factors of r?
3, 5, 83
Suppose 6*a - 2*a = -5*y + 20, -4*a + 20 = 3*y. Suppose y = -10*z - 6*z + 9328. What are the prime factors of z?
11, 53
Let c(d) = -d**3 - 12*d**2 - 12*d + 109. List the prime factors of c(-27).
2, 7, 29
Let m(i) = -i**3 - 17*i**2 + 3*i - 45. Let l be m(-19). Suppose -l = -6*p + 4*p + 4*g, 5*p + 4*g - 1536 = 0. List the prime factors of p.
2, 7, 11
Suppose 0 = -2*r + 5*z - 76, -3*r - 5*z = -4*r - 43. Let g be (r/(-12) - 3)*4. List the prime factors of (21/15 - g)*35.
2, 3, 7
Suppose -21*u + 27*u + 161*u = 8869871. What are the prime factors of u?
53113
Let p be 17/9 + -2 + (-328)/(-36). Suppose 0 = -8*o + p*o - 822. List the prime factors of o.
2, 3, 137
Let w(h) = 3*h + 38. Let s = -44 - -84. Suppose -18*j - s = -20*j. What are the prime factors of w(j)?
2, 7
Let v be (3 + -5)/(3 + 50/(-16)). Suppose -15984 = -0*y - v*y. List the prime factors of y.
3, 37
What are the prime factors of -3 - (-6 - 414456/49) - (-4)/(-14)?
8461
Suppose -4*k - 4 = 0, -4*k = 826*t - 823*t - 24506. List the prime factors of t.
2, 5, 19, 43
Let k = -5 + 10. Suppose -k*p + 0*p - 200 = 0. Let o = p + 48. What are the prime factors of o?
2
Suppose 3*c - 191 = -5*x + 918, 5*c = -3*x + 659. Let p = x + -95. List the prime factors of p.
2
Suppose 67751 - 4069 = 20*y - 77818. What are the prime factors of y?
5, 283
Let j(l) = -42*l - 21. Let c be j(-1). Suppose c*g = 45*g - 18264. List the prime factors of g.
761
Let i = 0 + 4. Suppose -14 = -i*r + 110. Suppose 3*f - 5*c = r, 3*f - 58 = c - 11. List the prime factors of f.
17
List the prime factors of 10/(-8) + (-3164967)/(-156).
20287
Suppose -5*w - 3*l + 15672 = 0, 4 = -l - 2. List the prime factors of w.
2, 3, 523
Let s(b) = b**3 - 27*b**2 + 48*b - 16. Let q be s(23). List the prime factors of (q/6)/(18/27 + -1).
2, 257
Let t be (-2)/(-15) + 8392/60. Suppose 0 = -2*z + t + 868. Suppose 3*s - 282 = -5*o, -4*s + 3*o + z = s. List the prime factors of s.
3, 11
Let q be 3*3/63 - 80/70. Let y be -1 + 1 - (q + (-2 - 7)). Suppose 0 = -y*l + 5*l + 645. List the prime factors of l.
3, 43
Let o(l) = -493*l - 1447. What are the prime factors of o(-16)?
3, 19, 113
Let z(a) = -a**3 - 11*a**2 - 12*a - 2. Let y(w) = w**3 + 11*w**2 + 13*w + 2. Let t(m) = 4*y(m) + 5*z(m). List the prime factors of t(-11).
2, 43
Let k = 1008 + -675. Suppose t = -2*t + 3*s - k, -t - 101 = s. Let z = -40 - t. List the prime factors of z.
2, 3, 11
Suppose 4*c - 241 = 143. Let j = c - 209. Let l = -26 - j. What are the prime factors of l?
3, 29
List the prime factors of 61 - 6673072/(-154) - 8/(-22).
7, 6199
Let a be 1 + -2 + (0 - 1)*-804. List the prime factors of a + (-4)/(-2) + 1.
2, 13, 31
Let i = 111 - 108. Let j(z) = -12*z**2 - z**i + 24 - 3*z**3 - 3*z**3 + 6*z**3 - 9*z. List the prime factors of j(-12).
2, 3, 11
Let c(n) = -115*n**3 - 8*n**2 + 16*n + 24. What are the prime factors of c(-6)?
2, 3, 5, 17
Suppose 0 = f + k + 4*k - 126, 4*f = k + 588. Let y = 156 - f. Suppose 0 = 9*o - y*o + 255. What are the prime factors of o?
3, 5, 17
Suppose 4*w = -4*l + 8872, -w = 3*l - 647 - 6007. List the prime factors of l.
2, 1109
Suppose -10493 - 48624 = -31*v. List the prime factors of v.
1907
Let h = 10243 + 8994. List the prime factors of h.
19237
Let l = 57 + -54. Let i(c) = 6 + 25 + 8*c + l + c**2. What are the prime factors of i(-15)?
139
Let h(y) = 2*y**2 + 8*y + 409. List the prime factors of h(-22).
1201
Let l be 2/6 - (-3)/(-9). Suppose l = 6*d - 14*d + 80. What are the prime factors of 52*(7 - 2)/d?
2, 13
List the prime factors of (-348)/10*((-1342)/3 + (-164)/(-41)).
2, 7, 19, 29
Suppose 2*g + 14 = 13*q - 11*q, -3*g = -3. Suppose 2*h = -7 + 15. Suppose h*u = -q - 8, 2*u = -5*i + 777. List the prime factors of i.
157
Let a(m) = -6*m + 38. Let t be a(-10). Suppose -t*o - 7632 = -106*o. What are the prime factors of o?
2, 3, 53
Suppose 5*l - 69 = 3*r - r, 5*l - 55 = -5*r. Let o(s) = -3*s + 18*s - 2 - 10 - l. List the prime factors of o(6).
5, 13
Let u(m) = 20*m**2 - 17*m**2 + 4*m + m + 1. What are the prime factors of u(9)?
17
List the prime factors of ((-785484)/(-99) - 2/11)/(7/56).
2, 3967
Suppose 19 = 5*g + j + j, g + 1 = -2*j. Suppose g*w + 295 = 1500. What are the prime factors of w?
241
Let x(k) = 5*k - 3*k**2 - 9*k**2 + 15 - 5*k - k**3 - 8*k. Let n(z) = 7*z + 2. Let f be n(-2). What are the prime factors of x(f)?
3, 37
Let v(l) = -2*l + 32. Let s be v(17). Let u be (1 + 0 + -1)/s. Suppose u = 7*x - 257 - 51. List the prime factors of x.
2, 11
Let q(r) be the third derivative of 7*r**5/30 - 5*r**4/8 + 8*r**3/3 - 18*r**2. List the prime factors of q(5).
3, 97
Suppose -u - 363 = -5*l, -3*l + 2*u + 225 = 5*u. Let p = l + 288. What are the prime factors of p?
19
Let x(l) = -l**2 + 52*l + 377. Suppose 0*o - i = 3*o - 2, i = 3*o + 2. List the prime factors of x(o).
13, 29
Suppose 70 = 5*i + g, 5 = 3*i - 5*g - 37. Suppose 8*z - i*z + 570 = 0. Suppose d = 3*m + z, -4*d = -0*m + 5*m - 295. List the prime factors of d.
2, 5
Let u = 5034 - 587. What are the prime factors of u?
4447
Suppose 3*u = 3*r + 7755, -4*u + 12179 = -2*r + 1851. What are the prime factors of u?
2579
Let z = -65 - -68. Suppose z*i + 39 - 48 = 0. Suppose -55 = -3*g - 2*w, 0 = g + i*g - 4*w - 60. List the prime factors of g.
17
Suppose -6 = -3*z - 2*w, -4*w = 9*z - 11*z - 12. Suppose z = -4*g + 1563 + 301. List the prime factors of g.
2, 233
Suppose 2962050 = 14*m + 259*m. What are the prime factors of m?
2, 5, 7, 31
List the prime factors of 48555 - 30*(-10)/60.
2, 5, 607
Let j(x) = 3*x**2 + 32*x + 2. Let c be (4/(-10))/((-100)/(-125))*36. What are the prime factors of j(c)?
2, 199
Suppose -619*t = -607*t - 85740. What are the prime factors of t?
5, 1429
Let w = 54614 - -12594. List the prime factors of w.
2, 31, 271
Let b = 14141 - -7668. List the prime factors of b.
113, 193
Suppose -358 = -7*w + 244. Suppose -m + 90 = -f + 2*f, m - w = -5*f. What are the prime factors of m?
7, 13
Let g = 7169 - -347. List the prime factors of g.
2, 1879
Let v = -464 + 78. Let d = v - -790. List the prime factors of d.
2, 101
Let i(q) = q**3 - 14*q**2 + 59*q - 221. List the prime factors of i(24).
5, 13, 107
Let a(i) = 5*i**2 - 3*i - 6